 -2 - (-1 + -3 + 3 - -4)?
-5
What is the value of (5 + -5 - (1 + 0)) + 4?
3
0 + (-1 - -1 - (-4 + 0))
4
What is the value of 1 - 8 - (15 - 3 - 14)?
-5
-7 + 0 + 13 + 1 + -3
4
What is 2 - (4 - (-3 + 10 + -3))?
2
Calculate (-3 - (-3 - 1) - 6) + 0.
-5
What is -10 - -3 - -2 - -4?
-1
Evaluate 1 + -3 - (2 + 2).
-6
-1 - (3 - (-3 + 8) - 2)
3
Calculate -8 + 15 - (4 + -3 - -9).
-3
What is the value of 8 - 9 - (-2 - (-5 - -7))?
3
6 + -1 - (3 + -2 - 0)
4
Calculate 3 - (5 + (0 - 3) + 1).
0
Calculate 13 + 3 - 10 - 4.
2
What is (3 - 5) + 1 + 2?
1
Calculate -7 - (-5 + 11 + -7).
-6
Calculate (8 - (0 + -1)) + -3 + -1.
5
Evaluate (-7 - -6) + (5 - 0) + 0.
4
What is -6 + (9 - (10 - 9))?
2
Calculate (-5 + 5 - 1) + -2.
-3
(-7 - (-4 - 0)) + 1 + 5
3
Evaluate 1 - -4 - (-12 - (-12 + -1)).
4
What is the value of 4 + 4 + -14 + 3?
-3
What is the value of (1 + -3 - 2) + 2 + -2?
-4
What is -6 + (9 - 0) + -3 + 3?
3
What is the value of 3 + -12 + 2 - -6?
-1
Calculate 0 - (0 - 0 - (-12 + 11)).
-1
What is the value of -1 + -6 - 5 - -10?
-2
Evaluate 5 + (-7 - 0 - (2 - 4)).
0
What is the value of -5 + 0 + 12 + -5?
2
Evaluate 7 - ((2 + -4 - -6) + -2).
5
Evaluate (-10 - -7 - 1) + 7.
3
What is 0 + 3 + -6 + -34 + 27?
-10
Evaluate (18 - 11) + (-3 - 1).
3
What is the value of (3 - (-1 + 6)) + 6 + -1?
3
What is -6 - -2 - (-1 - 1)?
-2
Calculate -13 - (49 + -48 + -8 + 0).
-6
Evaluate 8 + -3 + (-17 - -5) + 1.
-6
Calculate 2 - (3 + -3 - 0).
2
Calculate (11 - (10 - 6)) + -3.
4
(-5 - -9) + 1 + -2
3
4 + 9 + -24 - -8
-3
What is the value of (-14 - -16) + 1 + -7 - -3?
-1
Evaluate 3 + (4 - (4 - -5)) + 4.
2
Calculate -2 + -3 + 5 + -4 + -1.
-5
Calculate -4 - -2 - (-5 - -1).
2
What is 1 + 0 - (-24 - -27)?
-2
What is the value of (10 - (13 + -1)) + 12?
10
Calculate 1 + (0 - 2) - -3.
2
Evaluate -16 - (-12 - -1) - 0.
-5
What is the value of (-1 + 0 - 2) + 65 + -67?
-5
Evaluate -1 - (0 + -4 - -6 - 1).
-2
Evaluate (2 - -5) + 2 + -13.
-4
Evaluate -2 + (2 - -1 - (4 - -1)).
-4
Calculate 0 + -3 - (-1 - (5 - -1)).
4
What is the value of 3 + 0 + -3 + 2 - 2?
0
What is the value of (-18 + 9 - (2 - 3)) + 4?
-4
Evaluate -1 - -4 - (-6 - (0 - 7)).
2
Evaluate 9 - 11 - (-1 - -1).
-2
Evaluate -4 - (-2 + (12 - 10)).
-4
What is the value of 1 + (1 - (1 + -5 - -3))?
3
Evaluate (-6 - -9) + 3 + -4.
2
Calculate -6 + (8 - (-5 - -6) - 1).
0
What is the value of -1 + -10 + 12 + -6?
-5
What is the value of 3 - 0 - (-4 + 2)?
5
2 + -9 + 13 + -12
-6
3 - 0 - (-2 + 6 - 2)
1
Calculate 11 - (4 + (-3 - -6)).
4
What is the value of 3 - 2 - ((1 - 2) + 0)?
2
Evaluate (1 - 3) + -2 + 4 + -2.
-2
Calculate 1 + 4 + -2 + 1.
4
What is -3 + 2 + (2 - 1)?
0
Calculate -1 + -2 + (4 - -5) + -10.
-4
What is the value of -4 + 7 + -3 - (0 - 0)?
0
What is the value of 3 - (2 - -1) - -3?
3
(1 - 3) + (-3 - -1 - -7)
3
-6 - (-2 - (0 + 1)) - -3
0
-11 + 2 - (-2 + -6)
-1
Evaluate (-4 - 4) + -6 - -8.
-6
Calculate -2 - (0 + -2 - 2).
2
0 - (-6 + 0) - 6
0
Evaluate 2 + (4 - (11 - 4 - 6)).
5
Evaluate (2 + 2 - -2) + (1 - 3).
4
Evaluate 34 + -32 - (-2 - -4).
0
2 - (3 + 2 + 4 + -5)
-2
Calculate -7 - (-2 - (9 - 7)).
-3
Calculate -6 + 2 - (-11 + 0 + 3).
4
1 + (0 + 0 - 6)
-5
What is 5 - (-24 + 24 - (-5 - -2))?
2
What is the value of -1 - (0 + 3 + -3 + 3)?
-4
What is (-8 - (-10 + 11)) + 3?
-6
What is -7 - (-13 - -23 - 7)?
-10
Calculate 2 + 4 + 1 + 13 + -15.
5
Calculate 6 - -1 - (2 - 0).
5
Evaluate -3 + (3 - 3) + 3 + 4.
4
Evaluate -1 + (-1 - -4 - 4) - 3.
-5
What is the value of (11 - -5) + -7 - 10?
-1
Evaluate 1 - -4 - (-101 + 100) - 7.
-1
Evaluate (-1 - 1) + (-3 + 6 - -5).
6
What is the value of (0 - -2) + 36 + -44?
-6
Evaluate (-8 - -25) + -22 + 11 + 1.
7
What is 5 + -1 + 3 + (-8 - 3)?
-4
Evaluate (4 - 2 - 1) + -4 + 2.
-1
What is (15 - 1) + (-256 - -249)?
7
What is the value of -1 + 0 + (20 - 16)?
3
What is the value of 3 - (-1 - -2) - (5 + 1)?
-4
What is -6 + 8 - (3 + 3)?
-4
What is (-6 - 2 - -10) + 13 - 4?
11
Calculate 3 - (-1 + 5) - (4 - 3).
-2
-9 + -2 + -3 + 10
-4
Evaluate (-1 - (4 + -2)) + 8.
5
7 + (-7 + 16 - 12)
4
What is (0 - (2 - -1)) + 5 + -6?
-4
Evaluate (21 - 40) + 14 + 1 + 3.
-1
Calculate -23 + 32 + (-4 - 0).
5
2 + -8 + 2 - (-11 - -3)
4
What is 8 + -2 + -2 - (8 - -1)?
-5
Calculate -4 + 0 - (2 + (3 - 4)).
-5
Evaluate 1 + (2 + (3 - 7) - 4).
-5
What is the value of -4 + 6 + 3 + -3 + -3?
-1
(-3 - (0 - -1)) + -16 + 15
-5
What is the value of 3 - -1 - (2 + -6)?
8
Evaluate (-4 - (1 + 0)) + 111 + -112.
-6
What is (9 - -1) + (-7 - (1 - 2))?
4
5 + -1 + -8 + (15 - 10)
1
What is 3 - (-6 + (5 - 3) - -8)?
-1
4 + 4 + -25 + (6 - -1)
-10
Calculate -4 + (10 - (-2 - -3)).
5
What is -1 + 2 - (1 - -5)?
-5
What is the value of 1 - (-7 - (-9 - 1) - 6)?
4
-7 - (-2 + 1 + -2)
-4
What is the value of 5 + 0 + -9 + 7?
3
8 + 3 + -5 + -5
1
What is 0 - (-4 - (-5 + 4)) - 2?
1
What is 6 - (-3 - -13 - (3 + 2))?
1
(-4 - -4) + 0 - -3
3
What is the value of 16 - (-15 - -22) - 0?
9
What is -6 + 6 + -4 - -5?
1
Evaluate 5 + 0 + 8 + -6.
7
Calculate -1 + 0 + -1 + 1.
-1
What is the value of -4 + 0 + 2 - (1 - 8)?
5
Evaluate -9 - -8 - (-1 - (-2 + 1)).
-1
Evaluate 4 + -6 - (1 + 2).
-5
Calculate 8 + (12 - 5 - (-5 + 15)).
5
Calculate (-17 - (-10 - -3)) + 6.
-4
What is the value of 9 + -5 + -11 + 3 + 2?
-2
Calculate 3 - (1 - (-2 - (-1 + -3))).
4
What is the value of -1 + (-1 - (1 - 2) - 1)?
-2
Evaluate -19 + 8 + 7 + 10.
6
Calculate 4 + 1 + -2 - 8.
-5
What is the value of 10 + 11 + -7 + -8?
6
What is (4 - (-5 - -12)) + 4?
1
What is the value of 2 - ((-6 - 11) + 12)?
7
What is 0 - (9 - 10 - (1 - -2))?
4
8 - (-4 + (-4 - -12))
4
6 - (5 + (0 - 2))
3
What is the value of -7 + (4 - 5 - -5)?
-3
What is 1 + (-3 - (1 + -3) - 0)?
0
What is the value of (6 - (10 - 4)) + 5 + -1?
4
Calculate (6 - -1) + 2 + (-5 - 4).
0
-4 - -1 - (-1 - -2)
-4
What is -7 - (-3 + 0) - -5?
1
4 + 1 + -6 + (-2 - 0)
-3
What is the value of (-9 - -16) + (5 - 1)?
11
0 - (-11 + -14 + 27)
-2
-24 + 20 + 3 + -1 + 3
1
Calculate -6 + 0 + 17 + -7.
4
-7 - -3 - (-1 + (-7 - 0))
4
Calculate (1 - -6) + -2 + 0.
5
What is 3 + (-4 - -5) + (-1 - 4)?
-1
What is the value of -4 + (11 + -12 - -9)?
4
What is the value of 11 + -4 + 0 - 8?
-1
What is the value of (-7 - -11) + -3 + -5?
-4
What is the value of 2 + 5 + -8 + 0 + 0?
-1
What is the value of (-2 + 4 - 2) + -104 + 107?
3
1 + 0 + (1 - -1)
3
What is the value of 13 + (-7 - (2 - (6 - 3)))?
7
Calculate 1 - 0 - (4 - (-13 + 14)).
-2
What is (1 - -3) + (30 - 36) + 6?
4
10 + (7 - 1 - 17)
-1
What is the value of -4 - (-4 + 2 + 2)?
-4
What is -4 + -4 + 13 + 2?
7
Evaluate 17 - 6 - ((5 - 8) + 6).
8
0 - (7 + -4 - (0 + 1))
-2
What is the value of (5 - (12 + -5)) + 1?
-1
What is (3 - 3 - -2) + -4 + -2?
-4
What is the value of (2 - 9) + (26 - 10) + -3?
6
3 - (6 - 13 - (-6 + -3))
1
What is the value of 62 - 61 - (2 - 1)?
0
Calculate -56 + 54 - ((-2 - -3) + -4).
1
3 + 4 - (17 + -7)
-3
What is the value of (-8 - -3 - -6 - -2) + -10?
-7
Calculate 4 + -3 + 5 - 5.
1
What is 1 - (-1 - -1 - -4) - -7?
4
Evaluate 54 + -48 - (1 - (3 - 2)).
6
What is -4 + -6 + 3 + 0?
-7
What is the value of 1 - (-1 + -1 + -1)?
4
Evaluate 2 + 2 + (5 - 9).
0
Calculate 2 - (-6 + (-6 - -9)).
5
0 + -12 + 31 + -14
5
What is (6 - 9 - -4) + -2?
-1
8 + -2 + (-1 - 0)
5
2 + 1 + 3 + -3 + 3
6
Evaluate 3 - (-4 + -5 + 13).
-1
What is the value of 2 - 17 - (20 + -28)?
-7
Evaluate 0 + (-2 - -9) - 5.
2
-7 + (-3 - (-8 + 4 + -12))
6
2 + 2 + -1 + -4
-1
Evaluate -4 + 1 + (0 - (-6 + 5)).
-2
Evaluate -5 - (-5 + (5 - 3)).
-2
Evaluate -4 - -11 - (12 + -7).
2
What is 3 - -6 - (4 + 1)?
4
Evaluate 0 + (2 - 2) - (0 - -1).
-1
Calculate -26 + 12 + 11 + -8.
-11
Evaluate -1 - -2 - (8 - 4 - 2).
-1
What is -2 + -10 + 5 - -9?
2
Evaluate 1 + -3 + -1 + (2 - -6).
5
Calculate (6 - 24 - -10) + (1 - -3).
-4
What is the value of -8 + (2 - -1) + 5?
0
Evaluate -13 + 5 + 12 - 9.
-5
What is (-6 - -4 - 5) + 4 + 1?
-2
(-15 - (-14 - -5)) + 7 + 0
1
4 + (-1 - -1 - 4) + -3
-3
What is the value of 1 - -4 - (56 + -40)?
-11
2 + (5 + -3 - 0) + 1
5
What is -5 + 1 + (2 - 5) + 2?
-5
What is the value of -2 + (-11 - -6) - -1?
-6
Calculate 0 + (14 - (7 - 0)).
7
0 + -3 + 2 + -2
-3
Evaluate (-15 - (3 + -16)) + 6.
4
Evaluate 1 - (-1 - (-7 + 8)).
3
(3 - 1) + -6 + 9
5
What is the value of -8 - -10 - (0 + (1 - 1))?
2
Calculate 9 + (2 - 0) + -6.
5
What is (3 - 7) + 16 + -7?
5
-9 + 7 - -1 - -8
7
What is the value of 0 - 1 - (1